{"id":2777,"date":"2024-05-30T12:38:02","date_gmt":"2024-05-30T12:38:02","guid":{"rendered":"https:\/\/oecv.cv\/?page_id=2777"},"modified":"2024-05-30T13:34:38","modified_gmt":"2024-05-30T13:34:38","slug":"ficha-de-inscricao-do-engenheiro","status":"publish","type":"page","link":"https:\/\/oecv.cv\/?page_id=2777","title":{"rendered":"Ficha de Inscri\u00e7\u00e3o do Engenheiro"},"content":{"rendered":"<div class=\"wp-block-image\">\n<figure class=\"aligncenter size-large is-resized\"><img fetchpriority=\"high\" decoding=\"async\" width=\"1024\" height=\"576\" src=\"https:\/\/oecv.cv\/wp-content\/uploads\/2024\/05\/banner-oecv-1024x576.jpeg\" alt=\"\" class=\"wp-image-2785\" style=\"width:429px;height:auto\" srcset=\"https:\/\/oecv.cv\/wp-content\/uploads\/2024\/05\/banner-oecv-1024x576.jpeg 1024w, https:\/\/oecv.cv\/wp-content\/uploads\/2024\/05\/banner-oecv-300x169.jpeg 300w, https:\/\/oecv.cv\/wp-content\/uploads\/2024\/05\/banner-oecv-768x432.jpeg 768w, https:\/\/oecv.cv\/wp-content\/uploads\/2024\/05\/banner-oecv-1536x864.jpeg 1536w, https:\/\/oecv.cv\/wp-content\/uploads\/2024\/05\/banner-oecv-535x301.jpeg 535w, https:\/\/oecv.cv\/wp-content\/uploads\/2024\/05\/banner-oecv.jpeg 1600w\" sizes=\"(max-width: 1024px) 100vw, 1024px\" \/><\/figure>\n<\/div>\n\n\n<div class=\"wpforms-container wpforms-container-full wpforms-render-modern\" id=\"wpforms-2746\"><form id=\"wpforms-form-2746\" class=\"wpforms-validate wpforms-form wpforms-ajax-form\" data-formid=\"2746\" method=\"post\" enctype=\"multipart\/form-data\" action=\"\/index.php?rest_route=%2Fwp%2Fv2%2Fpages%2F2777\" data-token=\"e2f700d4f653de599469e491b50e0e7b\" data-token-time=\"1776211360\"><noscript class=\"wpforms-error-noscript\">Please enable JavaScript in your browser to complete this form.<\/noscript><div class=\"wpforms-hidden\" id=\"wpforms-error-noscript\">Please enable JavaScript in your browser to complete this form.<\/div><div class=\"wpforms-field-container\"><div id=\"wpforms-2746-field_0-container\" class=\"wpforms-field wpforms-field-name\" data-field-id=\"0\"><label class=\"wpforms-field-label\" for=\"wpforms-2746-field_0\">Nome Completo <span class=\"wpforms-required-label\" aria-hidden=\"true\">*<\/span><\/label><input type=\"text\" id=\"wpforms-2746-field_0\" class=\"wpforms-field-medium wpforms-field-required\" name=\"wpforms[fields][0]\" placeholder=\"nome completo\" aria-errormessage=\"wpforms-2746-field_0-error\" required><\/div><div id=\"wpforms-2746-field_7-container\" class=\"wpforms-field wpforms-field-text\" data-field-id=\"7\"><label class=\"wpforms-field-label\" for=\"wpforms-2746-field_7\">Especialiadade <span class=\"wpforms-required-label\" aria-hidden=\"true\">*<\/span><\/label><input type=\"text\" id=\"wpforms-2746-field_7\" class=\"wpforms-field-medium wpforms-field-required\" name=\"wpforms[fields][7]\" aria-errormessage=\"wpforms-2746-field_7-error\" required><\/div><div id=\"wpforms-2746-field_8-container\" class=\"wpforms-field wpforms-field-text\" data-field-id=\"8\"><label class=\"wpforms-field-label\" for=\"wpforms-2746-field_8\">N\u00famero de inscri\u00e7\u00e3o na OECV <span class=\"wpforms-required-label\" aria-hidden=\"true\">*<\/span><\/label><input type=\"text\" id=\"wpforms-2746-field_8\" class=\"wpforms-field-medium wpforms-field-required\" name=\"wpforms[fields][8]\" aria-errormessage=\"wpforms-2746-field_8-error\" required><\/div><div id=\"wpforms-2746-field_1-container\" class=\"wpforms-field wpforms-field-email\" data-field-id=\"1\"><label class=\"wpforms-field-label\" for=\"wpforms-2746-field_1\">Email <span class=\"wpforms-required-label\" aria-hidden=\"true\">*<\/span><\/label><input type=\"email\" id=\"wpforms-2746-field_1\" class=\"wpforms-field-medium wpforms-field-required\" name=\"wpforms[fields][1]\" spellcheck=\"false\" aria-errormessage=\"wpforms-2746-field_1-error\" required><\/div><div id=\"wpforms-2746-field_30-container\" class=\"wpforms-field wpforms-field-phone\" data-field-id=\"30\"><label class=\"wpforms-field-label\" for=\"wpforms-2746-field_30\">Telefone<\/label><input type=\"tel\" id=\"wpforms-2746-field_30\" class=\"wpforms-field-small wpforms-smart-phone-field\" data-rule-smart-phone-field=\"true\" name=\"wpforms[fields][30]\" aria-errormessage=\"wpforms-2746-field_30-error\" ><\/div><div id=\"wpforms-2746-field_10-container\" class=\"wpforms-field wpforms-field-select wpforms-field-select-style-classic\" data-field-id=\"10\"><label class=\"wpforms-field-label\" for=\"wpforms-2746-field_10\">Ilha <span class=\"wpforms-required-label\" aria-hidden=\"true\">*<\/span><\/label><select id=\"wpforms-2746-field_10\" class=\"wpforms-field-medium wpforms-field-required\" name=\"wpforms[fields][10]\" required=\"required\"><option value=\"Santo Ant\u00e3o\" >Santo Ant\u00e3o<\/option><option value=\"S\u00e3o Nicolau\" >S\u00e3o Nicolau<\/option><option value=\"S\u00e3o Vicente\" >S\u00e3o Vicente<\/option><option value=\"Sal\" >Sal<\/option><option value=\"Boa Vista\" >Boa Vista<\/option><option value=\"Maio\" >Maio<\/option><option value=\"Santiago\" >Santiago<\/option><option value=\"Fogo\" >Fogo<\/option><option value=\"Brava\" >Brava<\/option><\/select><\/div><div id=\"wpforms-2746-field_11-container\" class=\"wpforms-field wpforms-field-text\" data-field-id=\"11\"><label class=\"wpforms-field-label\" for=\"wpforms-2746-field_11\">Local de trabalho <span class=\"wpforms-required-label\" aria-hidden=\"true\">*<\/span><\/label><input type=\"text\" id=\"wpforms-2746-field_11\" class=\"wpforms-field-medium wpforms-field-required\" name=\"wpforms[fields][11]\" aria-errormessage=\"wpforms-2746-field_11-error\" required><\/div><div id=\"wpforms-2746-field_24-container\" class=\"wpforms-field wpforms-field-radio wpforms-list-2-columns\" data-field-id=\"24\"><fieldset><legend class=\"wpforms-field-label\">Est\u00e1 dispon\u00edvel para se deslocar \u00e0 ilha de Santiago no m\u00eas de junho durante 2-3 dias ? <span class=\"wpforms-required-label\" aria-hidden=\"true\">*<\/span><\/legend><ul id=\"wpforms-2746-field_24\" class=\"wpforms-field-required\"><li class=\"choice-1 depth-1\"><input type=\"radio\" id=\"wpforms-2746-field_24_1\" name=\"wpforms[fields][24]\" value=\"Sim\" aria-errormessage=\"wpforms-2746-field_24_1-error\" required ><label class=\"wpforms-field-label-inline\" for=\"wpforms-2746-field_24_1\">Sim<\/label><\/li><li class=\"choice-2 depth-1\"><input type=\"radio\" id=\"wpforms-2746-field_24_2\" name=\"wpforms[fields][24]\" value=\"N\u00e3o\" aria-errormessage=\"wpforms-2746-field_24_2-error\" required ><label class=\"wpforms-field-label-inline\" for=\"wpforms-2746-field_24_2\">N\u00e3o<\/label><\/li><\/ul><\/fieldset><\/div><div id=\"wpforms-2746-field_25-container\" class=\"wpforms-field wpforms-field-radio wpforms-list-2-columns\" data-field-id=\"25\"><fieldset><legend class=\"wpforms-field-label\">Caso n\u00e3o consiga se deslocar \u00e0 Ilha de Santiago ou \u00e0 cidade da Praia, estaria dispon\u00edvel para participar no formato h\u00edbrido ? <span class=\"wpforms-required-label\" aria-hidden=\"true\">*<\/span><\/legend><ul id=\"wpforms-2746-field_25\" class=\"wpforms-field-required\"><li class=\"choice-1 depth-1\"><input type=\"radio\" id=\"wpforms-2746-field_25_1\" name=\"wpforms[fields][25]\" value=\"Sim\" aria-errormessage=\"wpforms-2746-field_25_1-error\" required ><label class=\"wpforms-field-label-inline\" for=\"wpforms-2746-field_25_1\">Sim<\/label><\/li><li class=\"choice-2 depth-1\"><input type=\"radio\" id=\"wpforms-2746-field_25_2\" name=\"wpforms[fields][25]\" value=\"N\u00e3o\" aria-errormessage=\"wpforms-2746-field_25_2-error\" required ><label class=\"wpforms-field-label-inline\" for=\"wpforms-2746-field_25_2\">N\u00e3o<\/label><\/li><\/ul><\/fieldset><\/div><div id=\"wpforms-2746-field_26-container\" class=\"wpforms-field wpforms-field-radio wpforms-list-2-columns\" data-field-id=\"26\"><fieldset><legend class=\"wpforms-field-label\">Necessita de autoriza\u00e7\u00e3o de dispensa? <span class=\"wpforms-required-label\" aria-hidden=\"true\">*<\/span><\/legend><ul id=\"wpforms-2746-field_26\" class=\"wpforms-field-required\"><li class=\"choice-1 depth-1\"><input type=\"radio\" id=\"wpforms-2746-field_26_1\" name=\"wpforms[fields][26]\" value=\"Sim\" aria-errormessage=\"wpforms-2746-field_26_1-error\" required ><label class=\"wpforms-field-label-inline\" for=\"wpforms-2746-field_26_1\">Sim<\/label><\/li><li class=\"choice-2 depth-1\"><input type=\"radio\" id=\"wpforms-2746-field_26_2\" name=\"wpforms[fields][26]\" value=\"N\u00e3o\" aria-errormessage=\"wpforms-2746-field_26_2-error\" required ><label class=\"wpforms-field-label-inline\" for=\"wpforms-2746-field_26_2\">N\u00e3o<\/label><\/li><\/ul><\/fieldset><\/div><div id=\"wpforms-2746-field_15-container\" class=\"wpforms-field wpforms-field-text\" data-field-id=\"15\"><label class=\"wpforms-field-label\" for=\"wpforms-2746-field_15\">Caso sim, indique a entidade a quem se deve solicitar a dispensa<\/label><input type=\"text\" id=\"wpforms-2746-field_15\" class=\"wpforms-field-medium\" name=\"wpforms[fields][15]\" aria-errormessage=\"wpforms-2746-field_15-error\" ><\/div><div id=\"wpforms-2746-field_16-container\" class=\"wpforms-field wpforms-field-text\" data-field-id=\"16\"><label class=\"wpforms-field-label\" for=\"wpforms-2746-field_16\">Indique onde e qual a entidade empregadora<\/label><input type=\"text\" id=\"wpforms-2746-field_16\" class=\"wpforms-field-medium\" name=\"wpforms[fields][16]\" aria-errormessage=\"wpforms-2746-field_16-error\" ><\/div><div id=\"wpforms-2746-field_23-container\" class=\"wpforms-field wpforms-field-checkbox\" data-field-id=\"23\"><fieldset><legend class=\"wpforms-field-label\">Em quais etapas do congresso pretende participar: <span class=\"wpforms-required-label\" aria-hidden=\"true\">*<\/span><\/legend><ul id=\"wpforms-2746-field_23\" class=\"wpforms-field-required\"><li class=\"choice-1 depth-1\"><input type=\"checkbox\" id=\"wpforms-2746-field_23_1\" name=\"wpforms[fields][23][]\" value=\"Pain\u00e9is (indicar quais pain\u00e9is abaixo)\" aria-errormessage=\"wpforms-2746-field_23_1-error\" required ><label class=\"wpforms-field-label-inline\" for=\"wpforms-2746-field_23_1\">Pain\u00e9is (indicar quais pain\u00e9is abaixo)<\/label><\/li><li class=\"choice-2 depth-1\"><input type=\"checkbox\" id=\"wpforms-2746-field_23_2\" name=\"wpforms[fields][23][]\" value=\"Visita a locais de interesse\" aria-errormessage=\"wpforms-2746-field_23_2-error\" required ><label class=\"wpforms-field-label-inline\" for=\"wpforms-2746-field_23_2\">Visita a locais de interesse<\/label><\/li><li class=\"choice-3 depth-1\"><input type=\"checkbox\" id=\"wpforms-2746-field_23_3\" name=\"wpforms[fields][23][]\" value=\"Homenagens\" aria-errormessage=\"wpforms-2746-field_23_3-error\" required ><label class=\"wpforms-field-label-inline\" for=\"wpforms-2746-field_23_3\">Homenagens<\/label><\/li><li class=\"choice-4 depth-1\"><input type=\"checkbox\" id=\"wpforms-2746-field_23_4\" name=\"wpforms[fields][23][]\" value=\"Jantar de Gala\" aria-errormessage=\"wpforms-2746-field_23_4-error\" required ><label class=\"wpforms-field-label-inline\" for=\"wpforms-2746-field_23_4\">Jantar de Gala<\/label><\/li><\/ul><\/fieldset><\/div><div id=\"wpforms-2746-field_22-container\" class=\"wpforms-field wpforms-field-checkbox\" data-field-id=\"22\"><fieldset><legend class=\"wpforms-field-label\">Pain\u00e9is <span class=\"wpforms-required-label\" aria-hidden=\"true\">*<\/span><\/legend><ul id=\"wpforms-2746-field_22\" class=\"wpforms-field-required\"><li class=\"choice-1 depth-1\"><input type=\"checkbox\" id=\"wpforms-2746-field_22_1\" name=\"wpforms[fields][22][]\" value=\"Painel 1 - Ambiente e Seguran\u00e7a Alimentar\" aria-errormessage=\"wpforms-2746-field_22_1-error\" required ><label class=\"wpforms-field-label-inline\" for=\"wpforms-2746-field_22_1\">Painel 1 - Ambiente e Seguran\u00e7a Alimentar<\/label><\/li><li class=\"choice-2 depth-1\"><input type=\"checkbox\" id=\"wpforms-2746-field_22_2\" name=\"wpforms[fields][22][]\" value=\"Painel 2 - Sistema de Educa\u00e7\u00e3o e Investiga\u00e7\u00e3o Cient\u00edfica\" aria-errormessage=\"wpforms-2746-field_22_2-error\" required ><label class=\"wpforms-field-label-inline\" for=\"wpforms-2746-field_22_2\">Painel 2 - Sistema de Educa\u00e7\u00e3o e Investiga\u00e7\u00e3o Cient\u00edfica<\/label><\/li><li class=\"choice-3 depth-1\"><input type=\"checkbox\" id=\"wpforms-2746-field_22_3\" name=\"wpforms[fields][22][]\" value=\"Painel 3 - Inova\u00e7\u00f5es Tecnol\u00f3gicas e Transi\u00e7\u00e3o Energ\u00e9tica\" aria-errormessage=\"wpforms-2746-field_22_3-error\" required ><label class=\"wpforms-field-label-inline\" for=\"wpforms-2746-field_22_3\">Painel 3 - Inova\u00e7\u00f5es Tecnol\u00f3gicas e Transi\u00e7\u00e3o Energ\u00e9tica<\/label><\/li><li class=\"choice-4 depth-1\"><input type=\"checkbox\" id=\"wpforms-2746-field_22_4\" name=\"wpforms[fields][22][]\" value=\"Painel 4 - Legisla\u00e7\u00e3o e Dimens\u00e3o \u00c9tica no Exerc\u00edcio da Engenharia\" aria-errormessage=\"wpforms-2746-field_22_4-error\" required ><label class=\"wpforms-field-label-inline\" for=\"wpforms-2746-field_22_4\">Painel 4 - Legisla\u00e7\u00e3o e Dimens\u00e3o \u00c9tica no Exerc\u00edcio da Engenharia<\/label><\/li><\/ul><\/fieldset><\/div><div id=\"wpforms-2746-field_21-container\" class=\"wpforms-field wpforms-field-gdpr-checkbox\" data-field-id=\"21\"><label class=\"wpforms-field-label\">Contribui\u00e7\u00e3o Financeira <span class=\"wpforms-required-label\" aria-hidden=\"true\">*<\/span><\/label><ul id=\"wpforms-2746-field_21\" class=\"wpforms-field-required\"><li class=\"choice-1\"><input type=\"checkbox\" id=\"wpforms-2746-field_21_1\" name=\"wpforms[fields][21][]\" value=\"Clica aqui se concorda em participar.    Custo de participa\u00e7\u00e3o: 3000$00 (cobre a participa\u00e7\u00e3o em todas as etapas do congresso e o acesso a documentos, caso haja).\" aria-errormessage=\"wpforms-2746-field_21_1-error\" aria-describedby=\"wpforms-2746-field_21-description\" required ><label class=\"wpforms-field-label-inline\" for=\"wpforms-2746-field_21_1\">Clica aqui se concorda em participar.    Custo de participa\u00e7\u00e3o: 3000$00 (cobre a participa\u00e7\u00e3o em todas as etapas do congresso e o acesso a documentos, caso haja).<\/label><\/li><\/ul><div id=\"wpforms-2746-field_21-description\" class=\"wpforms-field-description\">Meios de Pagamento\r\n- dep\u00f3sito\/transfer\u00eancia para a conta da Ordem dos Engenheiros de Cabo Verde com a\r\ndesigna\u00e7\u00e3o CONGRESSO OECV.\r\nDados banc\u00e1rios:\r\nConta N\u00ba: 782867110001 (Caixa Econ\u00f3mica)\r\nNIB: 00020000782867110172\r\n\r\nOu ainda no pr\u00f3prio website da Ordem ou ainda via Pagali (https:\/\/pagali.cv)\r\n\r\nAten\u00e7\u00e3o: o comprovativo de pagamento deve ser enviado para ordemdosengenheiros19@gmail.com<\/div><\/div><\/div><!-- .wpforms-field-container --><div class=\"wpforms-submit-container\" ><input type=\"hidden\" name=\"wpforms[id]\" value=\"2746\"><input type=\"hidden\" name=\"page_title\" value=\"\"><input type=\"hidden\" name=\"page_url\" value=\"https:\/\/oecv.cv\/index.php?rest_route=%2Fwp%2Fv2%2Fpages%2F2777\"><button type=\"submit\" name=\"wpforms[submit]\" id=\"wpforms-submit-2746\" class=\"wpforms-submit\" data-alt-text=\"Sending...\" data-submit-text=\"Submit\" aria-live=\"assertive\" value=\"wpforms-submit\">Submit<\/button><img decoding=\"async\" src=\"https:\/\/oecv.cv\/wp-content\/plugins\/wpforms\/assets\/images\/submit-spin.svg\" class=\"wpforms-submit-spinner\" style=\"display: none;\" width=\"26\" height=\"26\" alt=\"Loading\"><\/div><\/form><\/div>  <!-- .wpforms-container -->\n","protected":false},"excerpt":{"rendered":"","protected":false},"author":1,"featured_media":0,"parent":0,"menu_order":0,"comment_status":"closed","ping_status":"closed","template":"","meta":{"_monsterinsights_skip_tracking":false,"_monsterinsights_sitenote_active":false,"_monsterinsights_sitenote_note":"","_monsterinsights_sitenote_category":0,"footnotes":""},"class_list":["post-2777","page","type-page","status-publish","hentry"],"aioseo_notices":[],"_links":{"self":[{"href":"https:\/\/oecv.cv\/index.php?rest_route=\/wp\/v2\/pages\/2777","targetHints":{"allow":["GET"]}}],"collection":[{"href":"https:\/\/oecv.cv\/index.php?rest_route=\/wp\/v2\/pages"}],"about":[{"href":"https:\/\/oecv.cv\/index.php?rest_route=\/wp\/v2\/types\/page"}],"author":[{"embeddable":true,"href":"https:\/\/oecv.cv\/index.php?rest_route=\/wp\/v2\/users\/1"}],"replies":[{"embeddable":true,"href":"https:\/\/oecv.cv\/index.php?rest_route=%2Fwp%2Fv2%2Fcomments&post=2777"}],"version-history":[{"count":2,"href":"https:\/\/oecv.cv\/index.php?rest_route=\/wp\/v2\/pages\/2777\/revisions"}],"predecessor-version":[{"id":2787,"href":"https:\/\/oecv.cv\/index.php?rest_route=\/wp\/v2\/pages\/2777\/revisions\/2787"}],"wp:attachment":[{"href":"https:\/\/oecv.cv\/index.php?rest_route=%2Fwp%2Fv2%2Fmedia&parent=2777"}],"curies":[{"name":"wp","href":"https:\/\/api.w.org\/{rel}","templated":true}]}}