{"id":2773,"date":"2024-05-30T12:33:35","date_gmt":"2024-05-30T12:33:35","guid":{"rendered":"https:\/\/oecv.cv\/?page_id=2773"},"modified":"2024-05-30T13:35:49","modified_gmt":"2024-05-30T13:35:49","slug":"ficha-de-inscricao-institucional","status":"publish","type":"page","link":"https:\/\/oecv.cv\/?page_id=2773","title":{"rendered":"Ficha de Inscri\u00e7\u00e3o Institucional"},"content":{"rendered":"<div class=\"wp-block-image\">\n<figure class=\"aligncenter size-large is-resized\"><img fetchpriority=\"high\" decoding=\"async\" width=\"1024\" height=\"576\" src=\"https:\/\/oecv.cv\/wp-content\/uploads\/2024\/05\/banner-oecv-1024x576.jpeg\" alt=\"\" class=\"wp-image-2785\" style=\"width:401px;height:auto\" srcset=\"https:\/\/oecv.cv\/wp-content\/uploads\/2024\/05\/banner-oecv-1024x576.jpeg 1024w, https:\/\/oecv.cv\/wp-content\/uploads\/2024\/05\/banner-oecv-300x169.jpeg 300w, https:\/\/oecv.cv\/wp-content\/uploads\/2024\/05\/banner-oecv-768x432.jpeg 768w, https:\/\/oecv.cv\/wp-content\/uploads\/2024\/05\/banner-oecv-1536x864.jpeg 1536w, https:\/\/oecv.cv\/wp-content\/uploads\/2024\/05\/banner-oecv-535x301.jpeg 535w, https:\/\/oecv.cv\/wp-content\/uploads\/2024\/05\/banner-oecv.jpeg 1600w\" sizes=\"(max-width: 1024px) 100vw, 1024px\" \/><\/figure>\n<\/div>\n\n\n<div class=\"wpforms-container wpforms-container-full wpforms-render-modern\" id=\"wpforms-2750\"><form id=\"wpforms-form-2750\" class=\"wpforms-validate wpforms-form wpforms-ajax-form\" data-formid=\"2750\" method=\"post\" enctype=\"multipart\/form-data\" action=\"\/index.php?rest_route=%2Fwp%2Fv2%2Fpages%2F2773\" data-token=\"bd2105c6cb759d1844c3c38a6cbece13\" data-token-time=\"1776212109\"><noscript class=\"wpforms-error-noscript\">Please enable JavaScript in your browser to complete this form.<\/noscript><div class=\"wpforms-hidden\" id=\"wpforms-error-noscript\">Please enable JavaScript in your browser to complete this form.<\/div><div class=\"wpforms-field-container\"><div id=\"wpforms-2750-field_0-container\" class=\"wpforms-field wpforms-field-name\" data-field-id=\"0\"><label class=\"wpforms-field-label\" for=\"wpforms-2750-field_0\">Institui\u00e7\u00e3o <span class=\"wpforms-required-label\" aria-hidden=\"true\">*<\/span><\/label><input type=\"text\" id=\"wpforms-2750-field_0\" class=\"wpforms-field-medium wpforms-field-required\" name=\"wpforms[fields][0]\" placeholder=\"nome da institui\u00e7\u00e3o\" aria-errormessage=\"wpforms-2750-field_0-error\" required><\/div><div id=\"wpforms-2750-field_1-container\" class=\"wpforms-field wpforms-field-email\" data-field-id=\"1\"><label class=\"wpforms-field-label\" for=\"wpforms-2750-field_1\">Email <span class=\"wpforms-required-label\" aria-hidden=\"true\">*<\/span><\/label><input type=\"email\" id=\"wpforms-2750-field_1\" class=\"wpforms-field-medium wpforms-field-required\" name=\"wpforms[fields][1]\" spellcheck=\"false\" aria-errormessage=\"wpforms-2750-field_1-error\" required><\/div><div id=\"wpforms-2750-field_9-container\" class=\"wpforms-field wpforms-field-email\" data-field-id=\"9\"><label class=\"wpforms-field-label\" for=\"wpforms-2750-field_9\">Telefone <span class=\"wpforms-required-label\" aria-hidden=\"true\">*<\/span><\/label><input type=\"email\" id=\"wpforms-2750-field_9\" class=\"wpforms-field-small wpforms-field-required\" name=\"wpforms[fields][9]\" spellcheck=\"false\" aria-errormessage=\"wpforms-2750-field_9-error\" required><\/div><div id=\"wpforms-2750-field_15-container\" class=\"wpforms-field wpforms-field-text\" data-field-id=\"15\"><label class=\"wpforms-field-label\" for=\"wpforms-2750-field_15\">Caso sim, indique a entidade a quem se deve solicitar a dispensa<\/label><input type=\"text\" id=\"wpforms-2750-field_15\" class=\"wpforms-field-medium\" name=\"wpforms[fields][15]\" aria-errormessage=\"wpforms-2750-field_15-error\" ><\/div><div id=\"wpforms-2750-field_11-container\" class=\"wpforms-field wpforms-field-text\" data-field-id=\"11\"><label class=\"wpforms-field-label\" for=\"wpforms-2750-field_11\">Local de sede da Institui\u00e7\u00e3o <\/label><input type=\"text\" id=\"wpforms-2750-field_11\" class=\"wpforms-field-medium\" name=\"wpforms[fields][11]\" placeholder=\"cidade e concelho\" aria-errormessage=\"wpforms-2750-field_11-error\" ><\/div><div id=\"wpforms-2750-field_10-container\" class=\"wpforms-field wpforms-field-select wpforms-field-select-style-classic\" data-field-id=\"10\"><label class=\"wpforms-field-label\" for=\"wpforms-2750-field_10\">Ilha<\/label><select id=\"wpforms-2750-field_10\" class=\"wpforms-field-medium\" name=\"wpforms[fields][10]\"><option value=\"Santo Ant\u00e3o\" >Santo Ant\u00e3o<\/option><option value=\"S\u00e3o Nicolau\" >S\u00e3o Nicolau<\/option><option value=\"S\u00e3o Vicente\" >S\u00e3o Vicente<\/option><option value=\"Sal\" >Sal<\/option><option value=\"Boa Vista\" >Boa Vista<\/option><option value=\"Maio\" >Maio<\/option><option value=\"Santiago\" >Santiago<\/option><option value=\"Fogo\" >Fogo<\/option><option value=\"Brava\" >Brava<\/option><\/select><\/div><div id=\"wpforms-2750-field_24-container\" class=\"wpforms-field wpforms-field-checkbox\" data-field-id=\"24\"><fieldset><legend class=\"wpforms-field-label\">Pain\u00e9is <span class=\"wpforms-required-label\" aria-hidden=\"true\">*<\/span><\/legend><ul id=\"wpforms-2750-field_24\" class=\"wpforms-field-required\"><li class=\"choice-1 depth-1\"><input type=\"checkbox\" id=\"wpforms-2750-field_24_1\" name=\"wpforms[fields][24][]\" value=\"Painel 1 - Ambiente e Seguran\u00e7a Alimentar\" aria-errormessage=\"wpforms-2750-field_24_1-error\" required ><label class=\"wpforms-field-label-inline\" for=\"wpforms-2750-field_24_1\">Painel 1 - Ambiente e Seguran\u00e7a Alimentar<\/label><\/li><li class=\"choice-2 depth-1\"><input type=\"checkbox\" id=\"wpforms-2750-field_24_2\" name=\"wpforms[fields][24][]\" value=\"Painel 2 - Sistema de Educa\u00e7\u00e3o e Investiga\u00e7\u00e3o Cient\u00edfica\" aria-errormessage=\"wpforms-2750-field_24_2-error\" required ><label class=\"wpforms-field-label-inline\" for=\"wpforms-2750-field_24_2\">Painel 2 - Sistema de Educa\u00e7\u00e3o e Investiga\u00e7\u00e3o Cient\u00edfica<\/label><\/li><li class=\"choice-3 depth-1\"><input type=\"checkbox\" id=\"wpforms-2750-field_24_3\" name=\"wpforms[fields][24][]\" value=\"Painel 3 - Inova\u00e7\u00f5es Tecnol\u00f3gicas e Transi\u00e7\u00e3o Energ\u00e9tica\" aria-errormessage=\"wpforms-2750-field_24_3-error\" required ><label class=\"wpforms-field-label-inline\" for=\"wpforms-2750-field_24_3\">Painel 3 - Inova\u00e7\u00f5es Tecnol\u00f3gicas e Transi\u00e7\u00e3o Energ\u00e9tica<\/label><\/li><li class=\"choice-4 depth-1\"><input type=\"checkbox\" id=\"wpforms-2750-field_24_4\" name=\"wpforms[fields][24][]\" value=\"Painel 4 - Legisla\u00e7\u00e3o e Dimens\u00e3o \u00c9tica no Exerc\u00edcio da Engenharia\" aria-errormessage=\"wpforms-2750-field_24_4-error\" required ><label class=\"wpforms-field-label-inline\" for=\"wpforms-2750-field_24_4\">Painel 4 - Legisla\u00e7\u00e3o e Dimens\u00e3o \u00c9tica no Exerc\u00edcio da Engenharia<\/label><\/li><\/ul><\/fieldset><\/div><div id=\"wpforms-2750-field_25-container\" class=\"wpforms-field wpforms-field-checkbox\" data-field-id=\"25\"><fieldset><legend class=\"wpforms-field-label\">Em quais etapas do congresso os representantes da institui\u00e7\u00e3o\/empresa pretendem participar: <span class=\"wpforms-required-label\" aria-hidden=\"true\">*<\/span><\/legend><ul id=\"wpforms-2750-field_25\" class=\"wpforms-field-required\"><li class=\"choice-1 depth-1\"><input type=\"checkbox\" id=\"wpforms-2750-field_25_1\" name=\"wpforms[fields][25][]\" value=\"Visita a locais de interesse\" aria-errormessage=\"wpforms-2750-field_25_1-error\" required ><label class=\"wpforms-field-label-inline\" for=\"wpforms-2750-field_25_1\">Visita a locais de interesse<\/label><\/li><li class=\"choice-2 depth-1\"><input type=\"checkbox\" id=\"wpforms-2750-field_25_2\" name=\"wpforms[fields][25][]\" value=\"Homenagens\" aria-errormessage=\"wpforms-2750-field_25_2-error\" required ><label class=\"wpforms-field-label-inline\" for=\"wpforms-2750-field_25_2\">Homenagens<\/label><\/li><li class=\"choice-3 depth-1\"><input type=\"checkbox\" id=\"wpforms-2750-field_25_3\" name=\"wpforms[fields][25][]\" value=\"Jantar de Gala\" aria-errormessage=\"wpforms-2750-field_25_3-error\" required ><label class=\"wpforms-field-label-inline\" for=\"wpforms-2750-field_25_3\">Jantar de Gala<\/label><\/li><li class=\"choice-4 depth-1\"><input type=\"checkbox\" id=\"wpforms-2750-field_25_4\" name=\"wpforms[fields][25][]\" value=\"Exposi\u00e7\u00e3o\" aria-errormessage=\"wpforms-2750-field_25_4-error\" required ><label class=\"wpforms-field-label-inline\" for=\"wpforms-2750-field_25_4\">Exposi\u00e7\u00e3o<\/label><\/li><\/ul><\/fieldset><\/div><div id=\"wpforms-2750-field_23-container\" class=\"wpforms-field wpforms-field-number\" data-field-id=\"23\"><label class=\"wpforms-field-label\" for=\"wpforms-2750-field_23\">Quantas pessoas da sua institui\u00e7\u00e3o\/empresa participar\u00e3o no congresso?<\/label><input type=\"number\" id=\"wpforms-2750-field_23\" class=\"wpforms-field-small\" name=\"wpforms[fields][23]\" aria-errormessage=\"wpforms-2750-field_23-error\" ><\/div><div id=\"wpforms-2750-field_26-container\" class=\"wpforms-field wpforms-field-radio wpforms-list-2-columns\" data-field-id=\"26\"><fieldset><legend class=\"wpforms-field-label\">A institui\u00e7\u00e3o\/empresa pretende participar na exposi\u00e7\u00e3o com um stand pr\u00f3prio? <\/legend><ul id=\"wpforms-2750-field_26\"><li class=\"choice-1 depth-1\"><input type=\"radio\" id=\"wpforms-2750-field_26_1\" name=\"wpforms[fields][26]\" value=\"Sim\" aria-errormessage=\"wpforms-2750-field_26_1-error\"  ><label class=\"wpforms-field-label-inline\" for=\"wpforms-2750-field_26_1\">Sim<\/label><\/li><li class=\"choice-2 depth-1\"><input type=\"radio\" id=\"wpforms-2750-field_26_2\" name=\"wpforms[fields][26]\" value=\"N\u00e3o\" aria-errormessage=\"wpforms-2750-field_26_2-error\"  ><label class=\"wpforms-field-label-inline\" for=\"wpforms-2750-field_26_2\">N\u00e3o<\/label><\/li><\/ul><\/fieldset><\/div><div id=\"wpforms-2750-field_21-container\" class=\"wpforms-field wpforms-field-gdpr-checkbox\" data-field-id=\"21\"><label class=\"wpforms-field-label\">Contribui\u00e7\u00e3o Financeira <span class=\"wpforms-required-label\" aria-hidden=\"true\">*<\/span><\/label><ul id=\"wpforms-2750-field_21\" class=\"wpforms-field-required\"><li class=\"choice-1\"><input type=\"checkbox\" id=\"wpforms-2750-field_21_1\" name=\"wpforms[fields][21][]\" value=\"Clica aqui se concorda em participar.   Custo de participa\u00e7\u00e3o: 5000$00 (cobre a participa\u00e7\u00e3o em todas as etapas do congresso e o acesso a documentos, caso haja).\" aria-errormessage=\"wpforms-2750-field_21_1-error\" aria-describedby=\"wpforms-2750-field_21-description\" required ><label class=\"wpforms-field-label-inline\" for=\"wpforms-2750-field_21_1\">Clica aqui se concorda em participar.   Custo de participa\u00e7\u00e3o: 5000$00 (cobre a participa\u00e7\u00e3o em todas as etapas do congresso e o acesso a documentos, caso haja).<\/label><\/li><\/ul><div id=\"wpforms-2750-field_21-description\" class=\"wpforms-field-description\">Meios de Pagamento\r\n- dep\u00f3sito\/transfer\u00eancia para a conta da Ordem dos Engenheiros de Cabo Verde com a\r\ndesigna\u00e7\u00e3o CONGRESSO OECV.\r\nDados banc\u00e1rios:\r\nConta N\u00ba: 782867110001 (Caixa Econ\u00f3mica)\r\nNIB: 00020000782867110172\r\n\r\nOu ainda no pr\u00f3prio website da Ordem ou ainda via Pagali (https:\/\/pagali.cv)\r\n\r\nAten\u00e7\u00e3o: o comprovativo de pagamento deve ser enviado para ordemdosengenheiros19@gmail.com\r\n\r\n\r\nA ficha de pr\u00e9-inscri\u00e7\u00e3o deve ser enviada at\u00e9 o dia 15 de Junho de 2024.<\/div><\/div><\/div><!-- .wpforms-field-container --><div class=\"wpforms-submit-container\" ><input type=\"hidden\" name=\"wpforms[id]\" value=\"2750\"><input type=\"hidden\" name=\"page_title\" value=\"\"><input type=\"hidden\" name=\"page_url\" value=\"https:\/\/oecv.cv\/index.php?rest_route=%2Fwp%2Fv2%2Fpages%2F2773\"><button type=\"submit\" name=\"wpforms[submit]\" id=\"wpforms-submit-2750\" class=\"wpforms-submit\" data-alt-text=\"Enviando...\" data-submit-text=\"Enviar\" aria-live=\"assertive\" value=\"wpforms-submit\">Enviar<\/button><img decoding=\"async\" src=\"https:\/\/oecv.cv\/wp-content\/plugins\/wpforms\/assets\/images\/submit-spin.svg\" class=\"wpforms-submit-spinner\" style=\"display: none;\" width=\"26\" height=\"26\" alt=\"Loading\"><\/div><\/form><\/div>  <!-- .wpforms-container -->\n","protected":false},"excerpt":{"rendered":"","protected":false},"author":1,"featured_media":0,"parent":0,"menu_order":0,"comment_status":"closed","ping_status":"closed","template":"","meta":{"_monsterinsights_skip_tracking":false,"_monsterinsights_sitenote_active":false,"_monsterinsights_sitenote_note":"","_monsterinsights_sitenote_category":0,"footnotes":""},"class_list":["post-2773","page","type-page","status-publish","hentry"],"aioseo_notices":[],"_links":{"self":[{"href":"https:\/\/oecv.cv\/index.php?rest_route=\/wp\/v2\/pages\/2773","targetHints":{"allow":["GET"]}}],"collection":[{"href":"https:\/\/oecv.cv\/index.php?rest_route=\/wp\/v2\/pages"}],"about":[{"href":"https:\/\/oecv.cv\/index.php?rest_route=\/wp\/v2\/types\/page"}],"author":[{"embeddable":true,"href":"https:\/\/oecv.cv\/index.php?rest_route=\/wp\/v2\/users\/1"}],"replies":[{"embeddable":true,"href":"https:\/\/oecv.cv\/index.php?rest_route=%2Fwp%2Fv2%2Fcomments&post=2773"}],"version-history":[{"count":2,"href":"https:\/\/oecv.cv\/index.php?rest_route=\/wp\/v2\/pages\/2773\/revisions"}],"predecessor-version":[{"id":2788,"href":"https:\/\/oecv.cv\/index.php?rest_route=\/wp\/v2\/pages\/2773\/revisions\/2788"}],"wp:attachment":[{"href":"https:\/\/oecv.cv\/index.php?rest_route=%2Fwp%2Fv2%2Fmedia&parent=2773"}],"curies":[{"name":"wp","href":"https:\/\/api.w.org\/{rel}","templated":true}]}}