{"id":2589,"date":"2024-03-22T20:10:26","date_gmt":"2024-03-22T20:10:26","guid":{"rendered":"https:\/\/oecv.cv\/?page_id=2589"},"modified":"2026-02-28T12:49:08","modified_gmt":"2026-02-28T12:49:08","slug":"concursos","status":"publish","type":"page","link":"https:\/\/oecv.cv\/?page_id=2589","title":{"rendered":"An\u00fancios e Publica\u00e7\u00f5es"},"content":{"rendered":"\t\t<div data-elementor-type=\"wp-page\" data-elementor-id=\"2589\" class=\"elementor elementor-2589\">\n\t\t\t\t<div class=\"elementor-element elementor-element-5cbeefcc e-flex e-con-boxed e-con e-parent\" data-id=\"5cbeefcc\" data-element_type=\"container\">\n\t\t\t\t\t<div class=\"e-con-inner\">\n\t\t\t\t<div class=\"elementor-element elementor-element-4040bddd elementor-widget elementor-widget-text-editor\" data-id=\"4040bddd\" data-element_type=\"widget\" data-widget_type=\"text-editor.default\">\n\t\t\t\t<div class=\"elementor-widget-container\">\n\t\t\t\t\t\t\t\t\t\n<div><a href=\"https:\/\/oecv.cv\/wp-content\/uploads\/2026\/02\/Edital.pdf\">Resultados da Elei\u00e7\u00e3o dos Org\u00e3os Nacionais da Ordem dos Engenheiros de Cabo Verde &#8211; \u00a021 de Fevereiro 2026<\/a>\u00a0<\/div>\n<div>\u00a0<\/div>\n<div class=\"widget-download-icon\"><a title=\"AN\u00daNCIO CONCURSO P\u00daBLICO\" href=\"https:\/\/oecv.cv\/wp-content\/uploads\/2025\/04\/01-Anuncio_Sede_AAC.pdf\" target=\"_blank\" rel=\"noopener\">AN\u00daNCIO CONCURSO P\u00daBLICO &#8211; PROCEDIMENTO N\u00ba 14\/2025_IMS_MTT_STS\/CPN ELABORA\u00c7\u00c3O DO PROJETO DE EXECU\u00c7\u00c3O DA SEDE DA AG\u00caNCIA DE AVIA\u00c7\u00c3O CIVIL (AAC) ILHA DE SANTIAGO \u2013 CABO VERDE<\/a><\/div>\n<div>\u00a0<\/div>\n<div class=\"widget-download-link-wrapper\">\n<div class=\"widget-download-details\">\n<div class=\"widget-download-title\"><a href=\"https:\/\/oecv.cv\/wp-content\/uploads\/2024\/06\/AEW_2024-Angola.pdf\" target=\"_blank\" rel=\"noopener\">10th UNESCO Africa Engineering Week and the 8th Africa Engineering Conference<\/a>\u00a0<\/div>\n<\/div>\n<\/div>\n\n<div class=\"widget-download-link-wrapper\">\n<div class=\"widget-download-icon\">\u00a0<\/div>\n<div class=\"widget-download-details\">\n<div class=\"widget-download-title\"><a href=\"https:\/\/oecv.cv\/wp-content\/uploads\/2024\/05\/AGMVM_Consulta.pdf\" target=\"_blank\" rel=\"noopener\">Consulta p\u00fablica do projeto da proposta de Lei que regula o acesso e o exerc\u00edcio da atividade dos peritos avaliadores de im\u00f3veis do sistema financeiro nacional<\/a>\u00a0<\/div>\n<\/div>\n<\/div>\n\n<div class=\"widget-download-link-wrapper\">\n<div class=\"widget-download-icon\">\u00a0<\/div>\n<div class=\"widget-download-details\">\n<div class=\"widget-download-title\"><a href=\"https:\/\/oecv.cv\/wp-content\/uploads\/2024\/05\/Anuncio-concurso4.pdf\" target=\"_blank\" rel=\"noopener\">An\u00fancio de concurso &#8211; projecto de fiscaliza\u00e7\u00e3o &#8211; ilha do Sal Empresa Consulgal<\/a>\u00a0<\/div>\n<\/div>\n<\/div>\n\n<div class=\"widget-download-link-wrapper\">\n<div class=\"widget-download-icon\">\u00a0<\/div>\n<div class=\"widget-download-details\">\n<div class=\"widget-download-title\"><a href=\"https:\/\/oecv.cv\/wp-content\/uploads\/2024\/03\/01-Anu\u0301ncio-Covada-da-Bruxa.pdf\" target=\"_blank\" rel=\"noopener\">01 &#8211; Anu\u0301ncio &#8211; Covada da Bruxa<\/a>\u00a0<\/div>\n<\/div>\n<\/div>\n\n<div class=\"widget-download-link-wrapper\">\n<div class=\"widget-download-icon\">\u00a0<\/div>\n<div class=\"widget-download-details\">\n<div class=\"widget-download-title\"><a href=\"https:\/\/oecv.cv\/wp-content\/uploads\/2024\/03\/01-Anu\u0301ncio-Fernando-Po\u0301.pdf\" target=\"_blank\" rel=\"noopener\">02 &#8211; Anu\u0301ncio &#8211; Fernando Po\u0301<\/a>\u00a0<\/div>\n<\/div>\n<\/div>\n\n<div class=\"widget-download-link-wrapper\">\n<div class=\"widget-download-icon\">\u00a0<\/div>\n<div class=\"widget-download-details\">\n<div class=\"widget-download-title\"><a href=\"https:\/\/oecv.cv\/wp-content\/uploads\/2024\/04\/WFEO-President-letter-to-Members-ASCE-Standards-20.IV_.24.pdf\" target=\"_blank\" rel=\"noopener\">Federa\u00e7\u00e3o Mundial das Organiza\u00e7\u00f5es de Engenharia<\/a>\u00a0<\/div>\n<\/div>\n<\/div>\n\n<pre class=\"wp-block-code\"><code><\/code><\/pre>\n\t\t\t\t\t\t\t\t<\/div>\n\t\t\t\t<\/div>\n\t\t\t\t\t<\/div>\n\t\t\t\t<\/div>\n\t\t\t\t<\/div>\n\t\t","protected":false},"excerpt":{"rendered":"<p>Resultados da Elei\u00e7\u00e3o dos Org\u00e3os Nacionais da Ordem dos Engenheiros de Cabo Verde &#8211; \u00a021 de Fevereiro 2026\u00a0 \u00a0 AN\u00daNCIO CONCURSO P\u00daBLICO &#8211; PROCEDIMENTO N\u00ba 14\/2025_IMS_MTT_STS\/CPN ELABORA\u00c7\u00c3O DO PROJETO DE EXECU\u00c7\u00c3O DA SEDE DA AG\u00caNCIA DE AVIA\u00c7\u00c3O CIVIL (AAC) ILHA DE SANTIAGO \u2013 CABO VERDE \u00a0 10th<\/p>\n","protected":false},"author":1,"featured_media":0,"parent":0,"menu_order":0,"comment_status":"closed","ping_status":"closed","template":"","meta":{"_monsterinsights_skip_tracking":false,"_monsterinsights_sitenote_active":false,"_monsterinsights_sitenote_note":"","_monsterinsights_sitenote_category":0,"footnotes":""},"class_list":["post-2589","page","type-page","status-publish","hentry"],"aioseo_notices":[],"_links":{"self":[{"href":"https:\/\/oecv.cv\/index.php?rest_route=\/wp\/v2\/pages\/2589","targetHints":{"allow":["GET"]}}],"collection":[{"href":"https:\/\/oecv.cv\/index.php?rest_route=\/wp\/v2\/pages"}],"about":[{"href":"https:\/\/oecv.cv\/index.php?rest_route=\/wp\/v2\/types\/page"}],"author":[{"embeddable":true,"href":"https:\/\/oecv.cv\/index.php?rest_route=\/wp\/v2\/users\/1"}],"replies":[{"embeddable":true,"href":"https:\/\/oecv.cv\/index.php?rest_route=%2Fwp%2Fv2%2Fcomments&post=2589"}],"version-history":[{"count":27,"href":"https:\/\/oecv.cv\/index.php?rest_route=\/wp\/v2\/pages\/2589\/revisions"}],"predecessor-version":[{"id":2923,"href":"https:\/\/oecv.cv\/index.php?rest_route=\/wp\/v2\/pages\/2589\/revisions\/2923"}],"wp:attachment":[{"href":"https:\/\/oecv.cv\/index.php?rest_route=%2Fwp%2Fv2%2Fmedia&parent=2589"}],"curies":[{"name":"wp","href":"https:\/\/api.w.org\/{rel}","templated":true}]}}