{"id":2202,"date":"2024-03-11T19:14:59","date_gmt":"2024-03-11T19:14:59","guid":{"rendered":"https:\/\/oecv.cv\/?page_id=2202"},"modified":"2024-04-08T15:10:47","modified_gmt":"2024-04-08T15:10:47","slug":"adesao-e-beneficios","status":"publish","type":"page","link":"https:\/\/oecv.cv\/?page_id=2202","title":{"rendered":"Inscri\u00e7\u00e3o"},"content":{"rendered":"\n<p><a href=\"https:\/\/oecv.cv\/wp-content\/uploads\/2024\/04\/Ficha-de-Inscric\u0327a\u0303o.pdf\" target=\"_blank\" rel=\"noopener\" title=\"\">Fa\u00e7a aqui o download da Ficha de Inscri\u00e7\u00e3o da OECV<\/a><\/p>\n\n\n\n<p><a href=\"https:\/\/oecv.cv\/wp-content\/uploads\/2024\/04\/Formula\u0301rio-Engenheiros-OEAngola.pdf\" target=\"_blank\" rel=\"noopener\" title=\"\">Fa\u00e7a aqui o download da Ficha de Inscri\u00e7\u00e3o da OE Angolana<\/a><\/p>\n\n\n\n<p><a href=\"https:\/\/oecv.cv\/wp-content\/uploads\/2024\/04\/Formula\u0301rio-Pedido-de-Inscric\u0327a\u0303o-na-OEPT-Co\u0301pia.pdf\" target=\"_blank\" rel=\"noopener\" title=\"\">Fa\u00e7a aqui o download da Ficha de Inscri\u00e7\u00e3o da OE Portuguesa<\/a><\/p>\n\n\n\n<p><\/p>\n","protected":false},"excerpt":{"rendered":"<p>Fa\u00e7a aqui o download da Ficha de Inscri\u00e7\u00e3o da OECV Fa\u00e7a aqui o download da Ficha de Inscri\u00e7\u00e3o da OE Angolana Fa\u00e7a aqui o download da Ficha de Inscri\u00e7\u00e3o da OE Portuguesa<\/p>\n","protected":false},"author":1,"featured_media":0,"parent":0,"menu_order":0,"comment_status":"closed","ping_status":"closed","template":"","meta":{"_monsterinsights_skip_tracking":false,"_monsterinsights_sitenote_active":false,"_monsterinsights_sitenote_note":"","_monsterinsights_sitenote_category":0,"footnotes":""},"class_list":["post-2202","page","type-page","status-publish","hentry"],"aioseo_notices":[],"_links":{"self":[{"href":"https:\/\/oecv.cv\/index.php?rest_route=\/wp\/v2\/pages\/2202","targetHints":{"allow":["GET"]}}],"collection":[{"href":"https:\/\/oecv.cv\/index.php?rest_route=\/wp\/v2\/pages"}],"about":[{"href":"https:\/\/oecv.cv\/index.php?rest_route=\/wp\/v2\/types\/page"}],"author":[{"embeddable":true,"href":"https:\/\/oecv.cv\/index.php?rest_route=\/wp\/v2\/users\/1"}],"replies":[{"embeddable":true,"href":"https:\/\/oecv.cv\/index.php?rest_route=%2Fwp%2Fv2%2Fcomments&post=2202"}],"version-history":[{"count":8,"href":"https:\/\/oecv.cv\/index.php?rest_route=\/wp\/v2\/pages\/2202\/revisions"}],"predecessor-version":[{"id":2620,"href":"https:\/\/oecv.cv\/index.php?rest_route=\/wp\/v2\/pages\/2202\/revisions\/2620"}],"wp:attachment":[{"href":"https:\/\/oecv.cv\/index.php?rest_route=%2Fwp%2Fv2%2Fmedia&parent=2202"}],"curies":[{"name":"wp","href":"https:\/\/api.w.org\/{rel}","templated":true}]}}