{"id":2200,"date":"2024-03-11T19:24:09","date_gmt":"2024-03-11T19:24:09","guid":{"rendered":"https:\/\/oecv.cv\/?page_id=2200"},"modified":"2024-03-12T12:26:57","modified_gmt":"2024-03-12T12:26:57","slug":"parceiros-e-colaboracoes","status":"publish","type":"page","link":"https:\/\/oecv.cv\/?page_id=2200","title":{"rendered":"Parceiros e Colabora\u00e7\u00f5es"},"content":{"rendered":"\n\t<!-- wpshopmart team builder wrapper -->\r\n\t<div class=\"wpsm_team_3_b_row\" id=\"wpsm_team_3_b_row_2453\">\r\n\t\t<div class=\"wpsm_row\">  \r\n\t\t\t<style>\r\n\t\t\t#wpsm_team_3_b_row_2453 .wpsm_row{\r\n\t\t\t\tpadding:20px 0;\r\n\t\t\t}\r\n\t\t\t#wpsm_team_3_b_row_2453 .wpsm_team_3_member_wrapper_inner h3{\r\n\t\t\t\tcolor:#000000 !important;\r\n\t\t\t\tfont-size:18px !important;\r\n\t\t\t\t\t\t\t\t  font-family:'Open Sans';\r\n\t\t\t\t\t\t\t\t\r\n\t\t\t}\r\n\t\t\t#wpsm_team_3_b_row_2453 .wpsm_team_3_name_divider{\r\n\t\t\t\tbackground-color:#000000 !important;\r\n\t\t\t}\r\n\t\t\t#wpsm_team_3_b_row_2453 .wpsm_team_3_b_desig{\r\n\t\t\t\tcolor:#000000 !important;\r\n\t\t\t\tfont-size:14px !important;\r\n\t\t\t\t\t\t\t\t   font-family:'Open Sans';\r\n\t\t\t\t\t\t\t}\r\n\t\t\t#wpsm_team_3_b_row_2453 .wpsm_team_3_b_desc{\r\n\t\t\t\tcolor:#000000 !important;\r\n\t\t\t\tfont-size:14px !important;\r\n\t\t\t\t\t\t\t\t   font-family:'Open Sans';\r\n\t\t\t\t\t\t\t}\r\n\t\t\t#wpsm_team_3_b_row_2453  p{\r\n\t\t\t\tcolor:#000000 !important;\r\n\t\t\t\tfont-size:14px !important;\r\n\t\t\t    \t\t\t\t   font-family:'Open Sans';\r\n\t\t\t\t\t\t\t\t\r\n\t\t\t}\r\n\t\t\t#wpsm_team_3_b_row_2453 .wpsm_team_3_name_divider {\r\n\t\t\t\theight: 0px;\r\n\t\t\t}\r\n\t\t\t\r\n\t\t\t#wpsm_team_3_b_row_2453 .wpsm_team_3_social_div a i{\r\n\t\t\t\tcolor:#4f4f4f !important;\r\n\t\t\t\tbackground: transparent !important;\r\n\t\t\t}\r\n\t\t\t#wpsm_team_3_b_row_2453 .wpsm_tram_img_wrap {\r\n\t\t\t  width: 100px !important;\r\n\t\t\t  height: 100px !important;\r\n\t\t\t  border-radius: 50% !important;\r\n\t\t\t  position: relative !important;\r\n\t\t\t  overflow: hidden !important;\r\n\t\t\t  margin-left:auto !important;\r\n\t\t\t  margin-right:auto !important;\r\n\t\t\t}\r\n\t\t\t#wpsm_team_3_b_row_2453 .wpsm_tram_img_wrap img {\r\n\t\t\t  min-width: 100% !important;\r\n\t\t\t  min-height: 100% !important;\r\n\t\t\t  width: auto !important;\r\n\t\t\t  height: auto !important;\r\n\t\t\t  position: absolute !important;\r\n\t\t\t  left: 50% !important;\r\n\t\t\t  top: 50% !important;\r\n\t\t\t  -webkit-transform: translate(-50%, -50%) !important;\r\n\t\t\t  -moz-transform: translate(-50%, -50%) !important;\r\n\t\t\t  -ms-transform: translate(-50%, -50%) !important;\r\n\t\t\t\ttransform: translate(-50%, -50%) !important;\r\n\t\t\t\t}\r\n\t\t\t\t\r\n\t\t\t\t#wpsm_team_3_b_row_2453 .wpsm_team_3_member_wrapper{\r\n\t\t\t\tbackground:#ffffff !important;\r\n\t\t\t}\r\n\t\t\t\t\t\t\r\n\t\t\t<\/style>\r\n\t\t\t\t\t\t \r\n\t\t\t\t\t<div class=\"wpsm_col-md-4 wpsm_col-sm-6 wpsm-col-div wpsm_single_team\">\r\n\t\t\t\t\t\t<div class=\"wpsm_team_3_member_wrapper\">\r\n\t\t\t\t\t\t\t<div class=\"wpsm_tram_img_wrap\">\r\n\t\t\t\t\t\t\t  <img decoding=\"async\" class=\"img-responsive wpsm_team_3_mem_img\" src=\"https:\/\/oecv.cv\/wp-content\/uploads\/2024\/03\/protocolo1.jpg\" alt=\"URGIMED \u2013 S. VICENTE\">\r\n\t\t\t\t\t\t\t<\/div>\r\n\t\t\t\t\t\t\t\r\n\t\t\t\t\t\t\t<div class=\"wpsm_team_3_member_wrapper_inner\">\r\n\t\t\t\t\t\t\t\t<h3>\r\n\t\t\t\t\t\t\t\t\tURGIMED \u2013 S. VICENTE\t\t\t\t\t\t\t\t\t<div class=\"wpsm_team_3_name_divider\"><\/div>\r\n\t\t\t\t\t\t\t\t<\/h3>\r\n\t\t\t\t\t\t\t\t<span class=\"wpsm_team_3_b_desig\"> Protocolo \u00c1rea de Sa\u00fade <\/span> \t\t\t\t\t\t\t\t<p class=\"wpsm_team_3_b_desc\"> A clinica disponibiliza todos os servi\u00e7os de clinica geral e especialidades dispon\u00edveis.\r\nBenefici\u00e1rios -  Engenheiros inscritos, familiares (c\u00f4njuge, filhos e pais)\r\nDescontos de 5\u00aa 20 por cento conforme especialidade do pre\u00e7o praticado\r\n10% - Consultas de especialidade (cardiologia, cirurgia, dermatologia, ginecologia, medicina interna, nutri\u00e7\u00e3o, ortopedia, psicologia, psiquiatria, ORL, urologia, nefrologia, neuropsicologia, gastroenterologia, fona audiologia), analises clinicas, exames complementares de diagnostico, servi\u00e7o de enfermagem.\r\n20% - Servi\u00e7o de enfermagem \u2013 Par\u00e2metros Vitais (tens\u00e3o arterial, peso, pulso, temperatura corporal).\r\nOs engenheiros inscritos devem solicitar uma declara\u00e7\u00e3o a Ordem, para apresenta\u00e7\u00e3o no ato da consulta. <\/p> \t\t\t\t\t\t\t\t<div class=\"wpsm_team_3_social_div\">\r\n\t\t\t\t\t\t\t\t\t<a href=\"#\" target=\"_blank\" title=\"facebook profile\"><i class=\"fa fa-facebook\"><\/i><\/a> \t\t\t\t\t\t\t\t\t<a href=\"#\" target=\"_blank\" title=\"twitter profile\"><i class=\"fa fa-twitter\"><\/i><\/a>\t\t\t\t\t\t\t\t\t<a href=\"#\" target=\"_blank\" title=\"linkedin profile\"><i class=\"fa fa-linkedin\"><\/i><\/a>\t\t\t\t\t\t\t\t\t<a href=\"#\" target=\"_blank\" title=\"instagram profile\"><i class=\"fa fa-instagram\"><\/i><\/a>\t\t\t\t\t\t\t\t<\/div>\r\n\t\t\t\t\t\t\t<\/div>\r\n\t\t\t\t\t\t<\/div>\r\n\t\t\t\t\t<\/div>\r\n\t\t\t\t\t\t\t\t\t\t\t\t\t \r\n\t\t\t\t\t<div class=\"wpsm_col-md-4 wpsm_col-sm-6 wpsm-col-div wpsm_single_team\">\r\n\t\t\t\t\t\t<div class=\"wpsm_team_3_member_wrapper\">\r\n\t\t\t\t\t\t\t<div class=\"wpsm_tram_img_wrap\">\r\n\t\t\t\t\t\t\t  <img decoding=\"async\" class=\"img-responsive wpsm_team_3_mem_img\" src=\"https:\/\/oecv.cv\/wp-content\/uploads\/2024\/03\/logo-2.png\" alt=\"CLINICA MAIS SAUDE \u2013 PRAIA\">\r\n\t\t\t\t\t\t\t<\/div>\r\n\t\t\t\t\t\t\t\r\n\t\t\t\t\t\t\t<div class=\"wpsm_team_3_member_wrapper_inner\">\r\n\t\t\t\t\t\t\t\t<h3>\r\n\t\t\t\t\t\t\t\t\tCLINICA MAIS SAUDE \u2013 PRAIA\t\t\t\t\t\t\t\t\t<div class=\"wpsm_team_3_name_divider\"><\/div>\r\n\t\t\t\t\t\t\t\t<\/h3>\r\n\t\t\t\t\t\t\t\t<span class=\"wpsm_team_3_b_desig\"> Protocolo \u00c1rea de Sa\u00fade <\/span> \t\t\t\t\t\t\t\t<p class=\"wpsm_team_3_b_desc\"> A clinica disponibiliza todos os servi\u00e7os de clinica geral e especialidades dispon\u00edveis\r\nBenefici\u00e1rios -  Engenheiros inscritos, familiares (c\u00f4njuge, filhos e pais) e colaboradores da OECV\r\nSERVI\u00c7OS\/ CONSULTAS \r\nClinica Geral, Cardiologia, Cirurgia, Dermatologia, Estomatologia, Ginecologia Obstetr\u00edcia, Medicina Interna, Nutri\u00e7\u00e3o, Oftalmologia, Ortopedia, Cirurgia, Oncologia, Psicologia, Psiquiatria, Urologia, Neurocirurgia, Neurologia, Pediatria, otorrinolaringologia\r\nANALISES CLINICAS\r\nExames eletrocardiograma, Eco cardiologia, mapa, ecografias, Tratamento dent\u00e1rio\r\nDESCONTOS\r\n20% - Consultas\r\n30% Tratamento dent\u00e1rio\r\n10% - Analises clinicas e exames imagiol\u00f3gicos\r\nOs engenheiros inscritos devem solicitar uma declara\u00e7\u00e3o a Ordem, para apresenta\u00e7\u00e3o no ato da consulta. <\/p> \t\t\t\t\t\t\t\t<div class=\"wpsm_team_3_social_div\">\r\n\t\t\t\t\t\t\t\t\t<a href=\"#\" target=\"_blank\" title=\"facebook profile\"><i class=\"fa fa-facebook\"><\/i><\/a> \t\t\t\t\t\t\t\t\t<a href=\"#\" target=\"_blank\" title=\"twitter profile\"><i class=\"fa fa-twitter\"><\/i><\/a>\t\t\t\t\t\t\t\t\t<a href=\"#\" target=\"_blank\" title=\"linkedin profile\"><i class=\"fa fa-linkedin\"><\/i><\/a>\t\t\t\t\t\t\t\t\t<a href=\"#\" target=\"_blank\" title=\"instagram profile\"><i class=\"fa fa-instagram\"><\/i><\/a>\t\t\t\t\t\t\t\t<\/div>\r\n\t\t\t\t\t\t\t<\/div>\r\n\t\t\t\t\t\t<\/div>\r\n\t\t\t\t\t<\/div>\r\n\t\t\t\t\t\t\t\t\t\t\t\t\t \r\n\t\t\t\t\t<div class=\"wpsm_col-md-4 wpsm_col-sm-6 wpsm-col-div wpsm_single_team\">\r\n\t\t\t\t\t\t<div class=\"wpsm_team_3_member_wrapper\">\r\n\t\t\t\t\t\t\t<div class=\"wpsm_tram_img_wrap\">\r\n\t\t\t\t\t\t\t  <img decoding=\"async\" class=\"img-responsive wpsm_team_3_mem_img\" src=\"https:\/\/oecv.cv\/wp-content\/uploads\/2024\/03\/protocolo3.jpg\" alt=\"POLICL\u00cdNICA SANTIAGO - PRAIA\">\r\n\t\t\t\t\t\t\t<\/div>\r\n\t\t\t\t\t\t\t\r\n\t\t\t\t\t\t\t<div class=\"wpsm_team_3_member_wrapper_inner\">\r\n\t\t\t\t\t\t\t\t<h3>\r\n\t\t\t\t\t\t\t\t\tPOLICL\u00cdNICA SANTIAGO - PRAIA\t\t\t\t\t\t\t\t\t<div class=\"wpsm_team_3_name_divider\"><\/div>\r\n\t\t\t\t\t\t\t\t<\/h3>\r\n\t\t\t\t\t\t\t\t<span class=\"wpsm_team_3_b_desig\"> Protocolo \u00c1rea de Sa\u00fade <\/span> \t\t\t\t\t\t\t\t<p class=\"wpsm_team_3_b_desc\"> Servi\u00e7os\r\nClinica Geral, realiza\u00e7\u00e3o de Ecografias, radiografias, exames contrastados e em procedimentos cir\u00fargicos.\r\nBenefici\u00e1rios\r\nOs associados e seus familiares, bem como os seus colaboradores\r\nDescontos:\r\nBeneficiam descontos de 17por cento nos servi\u00e7os acima referidos.\r\nA policl\u00ednica Santiago fica situado na entrada principal da cidadela e funciona de segunda a sexta feira das 08 h \u00e1s 22 horas\r\nNos S\u00e1bados e feriados das 09h \u00e1s 12 horas e 30 e das 15 horas \u00e1s 22 horas\r\nDomingo- 09h \u00e1s 12h30 e das 15 h \u00e1s 20 h.\r\nOs associados dever\u00e3o apresentar uma declara\u00e7\u00e3o emitida pela OECV, na consulta. <\/p> \t\t\t\t\t\t\t\t<div class=\"wpsm_team_3_social_div\">\r\n\t\t\t\t\t\t\t\t\t<a href=\"#\" target=\"_blank\" title=\"facebook profile\"><i class=\"fa fa-facebook\"><\/i><\/a> \t\t\t\t\t\t\t\t\t<a href=\"#\" target=\"_blank\" title=\"twitter profile\"><i class=\"fa fa-twitter\"><\/i><\/a>\t\t\t\t\t\t\t\t\t<a href=\"#\" target=\"_blank\" title=\"linkedin profile\"><i class=\"fa fa-linkedin\"><\/i><\/a>\t\t\t\t\t\t\t\t\t<a href=\"#\" target=\"_blank\" title=\"instagram profile\"><i class=\"fa fa-instagram\"><\/i><\/a>\t\t\t\t\t\t\t\t<\/div>\r\n\t\t\t\t\t\t\t<\/div>\r\n\t\t\t\t\t\t<\/div>\r\n\t\t\t\t\t<\/div>\r\n\t\t\t\t\t\t\t\t\t\t\t<\/div>\r\n\t\t\t\t\t\t<div class=\"wpsm_row\">\r\n\t\t\t\t\t\t\t\t\t\t\t\t\t\t \r\n\t\t\t\t\t<div class=\"wpsm_col-md-4 wpsm_col-sm-6 wpsm-col-div wpsm_single_team\">\r\n\t\t\t\t\t\t<div class=\"wpsm_team_3_member_wrapper\">\r\n\t\t\t\t\t\t\t<div class=\"wpsm_tram_img_wrap\">\r\n\t\t\t\t\t\t\t  <img decoding=\"async\" class=\"img-responsive wpsm_team_3_mem_img\" src=\"https:\/\/oecv.cv\/wp-content\/uploads\/2024\/03\/protocolo4-e1710197149976.jpg\" alt=\"ORDEM DE ENGENHEIROS DE PORTUGAL\">\r\n\t\t\t\t\t\t\t<\/div>\r\n\t\t\t\t\t\t\t\r\n\t\t\t\t\t\t\t<div class=\"wpsm_team_3_member_wrapper_inner\">\r\n\t\t\t\t\t\t\t\t<h3>\r\n\t\t\t\t\t\t\t\t\tORDEM DE ENGENHEIROS DE PORTUGAL\t\t\t\t\t\t\t\t\t<div class=\"wpsm_team_3_name_divider\"><\/div>\r\n\t\t\t\t\t\t\t\t<\/h3>\r\n\t\t\t\t\t\t\t\t<span class=\"wpsm_team_3_b_desig\"> Protocolos Institucionais <\/span> \t\t\t\t\t\t\t\t<p class=\"wpsm_team_3_b_desc\"> OBJECTIVO\r\nApoiar e facilitar o processo de acredita\u00e7\u00e3o e reconhecimento dos t\u00edtulos profissionais dos Engenheiros Inscritos na OECV e OEP.\r\nCOMO\r\n- Os Engenheiros devem fazer a solicita\u00e7\u00e3o na respetiva ordem que encarregara de tramitar o processo.\r\n- As ordens assumem o compromisso formal de admitir como membro efetivo e atribuir o titulo de engenheiro aos requerentes que sejam membros de pleno direito das respetivas ordens.\r\n- As ordens reconhecem apenas os Engenheiros com forma\u00e7\u00e3o no Ensino Superior de Engenharia de pelo menos 4 anos na OECV, e de Engenheiro de n\u00edvel 2 na OEP, detentores de forma\u00e7\u00e3o acad\u00e9mica de base de 5 ou 6 anos ou mestrados integrados no sistema p\u00f3s acordo de Bolonha\r\n-Tem um representante, nomeados pelos baston\u00e1rios para monitorizar o desenvolvimento do protocolo e com reuni\u00e3o semestral.\r\n- Tem uma vig\u00eancia de 2 anos podendo ser renovado automaticamente por igual per\u00edodo. <\/p> \t\t\t\t\t\t\t\t<div class=\"wpsm_team_3_social_div\">\r\n\t\t\t\t\t\t\t\t\t\t\t\t\t\t\t\t\t\t\t\t\t\t\t\t\t\t\t\t\t\t\t\t\t\t\t\t\t\t\t\t\t\t\t\t<\/div>\r\n\t\t\t\t\t\t\t<\/div>\r\n\t\t\t\t\t\t<\/div>\r\n\t\t\t\t\t<\/div>\r\n\t\t\t\t\t\t\t\t\t\t\t\t\t \r\n\t\t\t\t\t<div class=\"wpsm_col-md-4 wpsm_col-sm-6 wpsm-col-div wpsm_single_team\">\r\n\t\t\t\t\t\t<div class=\"wpsm_team_3_member_wrapper\">\r\n\t\t\t\t\t\t\t<div class=\"wpsm_tram_img_wrap\">\r\n\t\t\t\t\t\t\t  <img decoding=\"async\" class=\"img-responsive wpsm_team_3_mem_img\" src=\"https:\/\/oecv.cv\/wp-content\/uploads\/2024\/03\/protocolo5-e1710197190809.jpg\" alt=\"ORDEM DE ENGENHEIROS DE ANGOLA\">\r\n\t\t\t\t\t\t\t<\/div>\r\n\t\t\t\t\t\t\t\r\n\t\t\t\t\t\t\t<div class=\"wpsm_team_3_member_wrapper_inner\">\r\n\t\t\t\t\t\t\t\t<h3>\r\n\t\t\t\t\t\t\t\t\tORDEM DE ENGENHEIROS DE ANGOLA\t\t\t\t\t\t\t\t\t<div class=\"wpsm_team_3_name_divider\"><\/div>\r\n\t\t\t\t\t\t\t\t<\/h3>\r\n\t\t\t\t\t\t\t\t<span class=\"wpsm_team_3_b_desig\"> Protocolos Institucionais <\/span> \t\t\t\t\t\t\t\t<p class=\"wpsm_team_3_b_desc\"> OBJECTIVO\r\nFortalecer os la\u00e7os e formas de coopera\u00e7\u00e3o existentes. Apoiar e facilitar o processo de acredita\u00e7\u00e3o e reconhecimento de t\u00edtulos profissionais dos Engenheiros inscritos nas ordens de Cabo Verde e Angola.\r\nCOMO\r\n- Os engenheiros devem fazer a solicita\u00e7\u00e3o e formul\u00e1rio pr\u00f3prio e a respetiva documenta\u00e7\u00e3o, na respetiva ordem que encarregar\u00e1 de tramitar o processo.\r\n- As Ordens assumem o compromisso formal de admitir como membro efetivo e atribuir o titulo de engenheiro aos requerentes que sejam membros de pleno direito das respetivas Ordens.\r\n-As Ordens reconhecem apenas os engenheiros com forma\u00e7\u00e3o no Ensino superior de Engenharia de pelo menos 4 anos.\r\n- O presente protocolo, tem uma representante indicada pelos respetivos Baston\u00e1rios para monitorizar o desenvolvimento do protocolo reunindo semestralmente.\r\n- Tem uma vig\u00eancia de 2 anos, podendo ser renovado automaticamente por igual per\u00edodo. <\/p> \t\t\t\t\t\t\t\t<div class=\"wpsm_team_3_social_div\">\r\n\t\t\t\t\t\t\t\t\t\t\t\t\t\t\t\t\t\t\t\t\t\t\t\t\t\t\t\t\t\t\t\t\t\t\t\t\t\t\t\t\t\t\t\t<\/div>\r\n\t\t\t\t\t\t\t<\/div>\r\n\t\t\t\t\t\t<\/div>\r\n\t\t\t\t\t<\/div>\r\n\t\t\t\t\t\t\t\t\t\t\t\t\t \r\n\t\t\t\t\t<div class=\"wpsm_col-md-4 wpsm_col-sm-6 wpsm-col-div wpsm_single_team\">\r\n\t\t\t\t\t\t<div class=\"wpsm_team_3_member_wrapper\">\r\n\t\t\t\t\t\t\t<div class=\"wpsm_tram_img_wrap\">\r\n\t\t\t\t\t\t\t  <img decoding=\"async\" class=\"img-responsive wpsm_team_3_mem_img\" src=\"https:\/\/oecv.cv\/wp-content\/uploads\/2024\/03\/cropped-icon-bg-e1710190832671.png\" alt=\"ORDEM DOS ENGENHEIROS DOS PALOP\">\r\n\t\t\t\t\t\t\t<\/div>\r\n\t\t\t\t\t\t\t\r\n\t\t\t\t\t\t\t<div class=\"wpsm_team_3_member_wrapper_inner\">\r\n\t\t\t\t\t\t\t\t<h3>\r\n\t\t\t\t\t\t\t\t\tORDEM DOS ENGENHEIROS DOS PALOP\t\t\t\t\t\t\t\t\t<div class=\"wpsm_team_3_name_divider\"><\/div>\r\n\t\t\t\t\t\t\t\t<\/h3>\r\n\t\t\t\t\t\t\t\t<span class=\"wpsm_team_3_b_desig\"> Protocolos Institucionais <\/span> \t\t\t\t\t\t\t\t<p class=\"wpsm_team_3_b_desc\"> OBJECTIVO\r\nDefinir as \u00e1reas e mecanismos de coopera\u00e7\u00e3o entre as Ordens dos Engenheiros dos PALOP, atrav\u00e9s de:\r\na)\tAcredita\u00e7\u00e3o e reconhecimento de membros efetivos;\r\nb)\tIsen\u00e7\u00e3o tempor\u00e1ria de quotas;\r\nACREDITA\u00c7AO\r\n\u00c9 acreditado como engenheiro em qualquer das Ordens de acolhimento signat\u00e1rias do presente Protocolo, o membro efetivo da Ordem dos Engenheiros do seu pa\u00eds de origem.\r\nA acredita\u00e7\u00e3o \u00e9 feita pela Ordem dos Engenheiros do pa\u00eds de acolhimento, na qual pretenda exercer a atividade de engenharia em \u00e1reas que constituem \u00e2mbito de atua\u00e7\u00e3o da Ordem dos Engenheiros desse mesmo Pa\u00eds\r\nA acredita\u00e7\u00e3o \u00e9 efetuada por via de uma credencial, condicionada ao preenchimento de um formul\u00e1rio a ser acordado entre os membros integrantes deste Protocolo, passando a gozar dos   mesmos direitos e deveres dos Engenheiros nacionais, sem preju\u00edzo dos factos n\u00e3o abrangidos pelo Protocolo.\r\nISEN\u00c7AO E PAGAMENTO DE QUOTAS\r\nO Membro acreditado pode ficar isento do pagamento de quotas no pa\u00eds de acolhimento, por um per\u00edodo n\u00e3o superior a 1 (um) ano. Se o pedido de acredita\u00e7\u00e3o estiver relacionado com um projeto com dura\u00e7\u00e3o inferior ou igual a 24 meses, e o contrato para o mesmo tenha sido feito a partir do pa\u00eds de origem, a isen\u00e7\u00e3o referida no n\u00famero anterior poder\u00e1 estender-se ao per\u00edodo de dura\u00e7\u00e3o do projeto. O disposto nos n\u00fameros anteriores n\u00e3o se aplica ao membro que pretenda fixar-se no pa\u00eds acolhedor, por um per\u00edodo superior a tr\u00eas (3) anos.\r\nVIGENCIA\r\nO presente Protocolo tem a dura\u00e7\u00e3o de cinco (5) anos, a contar da data da assinatura por todos os membros, podendo ser renovado por igual per\u00edodo, se nenhuma das partes o denunciar. <\/p> \t\t\t\t\t\t\t\t<div class=\"wpsm_team_3_social_div\">\r\n\t\t\t\t\t\t\t\t\t\t\t\t\t\t\t\t\t\t\t\t\t\t\t\t\t\t\t\t\t\t\t\t\t\t\t\t\t\t\t\t\t\t\t\t<\/div>\r\n\t\t\t\t\t\t\t<\/div>\r\n\t\t\t\t\t\t<\/div>\r\n\t\t\t\t\t<\/div>\r\n\t\t\t\t\t\t\t\t\t\t\t<\/div>\r\n\t\t\t\t\t\t<div class=\"wpsm_row\">\r\n\t\t\t\t\t\t\t\t\t\t\t\t\t\t \r\n\t\t\t\t\t<div class=\"wpsm_col-md-4 wpsm_col-sm-6 wpsm-col-div wpsm_single_team\">\r\n\t\t\t\t\t\t<div class=\"wpsm_team_3_member_wrapper\">\r\n\t\t\t\t\t\t\t<div class=\"wpsm_tram_img_wrap\">\r\n\t\t\t\t\t\t\t  <img decoding=\"async\" class=\"img-responsive wpsm_team_3_mem_img\" src=\"https:\/\/oecv.cv\/wp-content\/uploads\/2024\/03\/protocolo6.png\" alt=\"KIRA\u2019S BOUTIQUE HOTEL, LDA. KBH - S. VICENTE\">\r\n\t\t\t\t\t\t\t<\/div>\r\n\t\t\t\t\t\t\t\r\n\t\t\t\t\t\t\t<div class=\"wpsm_team_3_member_wrapper_inner\">\r\n\t\t\t\t\t\t\t\t<h3>\r\n\t\t\t\t\t\t\t\t\tKIRA\u2019S BOUTIQUE HOTEL, LDA. KBH - S. VICENTE\t\t\t\t\t\t\t\t\t<div class=\"wpsm_team_3_name_divider\"><\/div>\r\n\t\t\t\t\t\t\t\t<\/h3>\r\n\t\t\t\t\t\t\t\t<span class=\"wpsm_team_3_b_desig\"> HOTELARIA \/ RESTAURA\u00c7\u00c3O <\/span> \t\t\t\t\t\t\t\t<p class=\"wpsm_team_3_b_desc\"> Todos os associados, colaboradores e funcion\u00e1rios da OECV que ficarem\r\nalojados no KBH, localizado na cidade do Mindelo, ilha de S. Vicente, Cabo\r\nVerde, beneficiar\u00e3o de um desconto de 25% em rela\u00e7\u00e3o aos pre\u00e7os oficiais\r\npublicados no site do hotel (www.kirashotel.com).\r\nPara que os associados, colaboradores e respetivos familiares possam beneficiar dedesconto, ter\u00e3o que apresentar uma credencial emitida pela OECV, no ato de pedido de reserva, para o endere\u00e7o eletr\u00f3nico kiras@kirashotel.com, c.c. para reservas@kirashotel.com,\r\nO desconto de 25% aplica-se apenas \u00e0 estadia (com\r\npequeno almo\u00e7o inclu\u00eddo), n\u00e3o se aplicando nem \u00e0 Taxa Tur\u00edstica, que \u00e9 de\r\n220$00\/pessoa\/noite, nem a eventuais consumos extras.\r\n Os consumos extras ser\u00e3o sempre da responsabilidade do h\u00f3spede.\r\n A Taxa Tur\u00edstica e a estadia podem ser da responsabilidade do h\u00f3spede ou da\r\nOECV, devendo esta sempre indicar no pedido de reserva quem se\r\nresponsabilizar\u00e1 pelo pagamento. <\/p> \t\t\t\t\t\t\t\t<div class=\"wpsm_team_3_social_div\">\r\n\t\t\t\t\t\t\t\t\t\t\t\t\t\t\t\t\t\t\t\t\t\t\t\t\t\t\t\t\t\t\t\t\t\t\t\t\t\t\t\t\t\t\t\t<\/div>\r\n\t\t\t\t\t\t\t<\/div>\r\n\t\t\t\t\t\t<\/div>\r\n\t\t\t\t\t<\/div>\r\n\t\t\t\t\t\t\t\t\t\t\t\t\t \r\n\t\t\t\t\t<div class=\"wpsm_col-md-4 wpsm_col-sm-6 wpsm-col-div wpsm_single_team\">\r\n\t\t\t\t\t\t<div class=\"wpsm_team_3_member_wrapper\">\r\n\t\t\t\t\t\t\t<div class=\"wpsm_tram_img_wrap\">\r\n\t\t\t\t\t\t\t  <img decoding=\"async\" class=\"img-responsive wpsm_team_3_mem_img\" src=\"https:\/\/oecv.cv\/wp-content\/uploads\/2024\/03\/protocolo7.jpg\" alt=\"AUTOPE\u00c7AS LDA\">\r\n\t\t\t\t\t\t\t<\/div>\r\n\t\t\t\t\t\t\t\r\n\t\t\t\t\t\t\t<div class=\"wpsm_team_3_member_wrapper_inner\">\r\n\t\t\t\t\t\t\t\t<h3>\r\n\t\t\t\t\t\t\t\t\tAUTOPE\u00c7AS LDA\t\t\t\t\t\t\t\t\t<div class=\"wpsm_team_3_name_divider\"><\/div>\r\n\t\t\t\t\t\t\t\t<\/h3>\r\n\t\t\t\t\t\t\t\t<span class=\"wpsm_team_3_b_desig\"> Diversos <\/span> \t\t\t\t\t\t\t\t<p class=\"wpsm_team_3_b_desc\"> Autope\u00e7as Lda, situada na Cidade da Praia, Palmarejo Baixo concede aos membros associados da Ordem dos Engenheiros, bem como os colaboradores, desconto de 20% na compra de pe\u00e7as, consum\u00edveis para viaturas, baterias e outros artigos comercializados na loja.     \r\nPara que os associados e colaboradores possam beneficiar do referido desconto, ter\u00e3o que apresentar uma credencial emitida OECV.\r\nEntrada em vigor 1 de janeiro de 2021 <\/p> \t\t\t\t\t\t\t\t<div class=\"wpsm_team_3_social_div\">\r\n\t\t\t\t\t\t\t\t\t\t\t\t\t\t\t\t\t\t\t\t\t\t\t\t\t\t\t\t\t\t\t\t\t\t\t\t\t\t\t\t\t\t\t\t<\/div>\r\n\t\t\t\t\t\t\t<\/div>\r\n\t\t\t\t\t\t<\/div>\r\n\t\t\t\t\t<\/div>\r\n\t\t\t\t\t\t\t\t\t\t\t\t\t \r\n\t\t\t\t\t<div class=\"wpsm_col-md-4 wpsm_col-sm-6 wpsm-col-div wpsm_single_team\">\r\n\t\t\t\t\t\t<div class=\"wpsm_team_3_member_wrapper\">\r\n\t\t\t\t\t\t\t<div class=\"wpsm_tram_img_wrap\">\r\n\t\t\t\t\t\t\t  <img decoding=\"async\" class=\"img-responsive wpsm_team_3_mem_img\" src=\"https:\/\/oecv.cv\/wp-content\/uploads\/2024\/06\/clinica-nossa-sra-luz.png\" alt=\"Cl\u00ednica M\u00e9dica Dent\u00e1ria Nossa Senhora da Luz\">\r\n\t\t\t\t\t\t\t<\/div>\r\n\t\t\t\t\t\t\t\r\n\t\t\t\t\t\t\t<div class=\"wpsm_team_3_member_wrapper_inner\">\r\n\t\t\t\t\t\t\t\t<h3>\r\n\t\t\t\t\t\t\t\t\tCl\u00ednica M\u00e9dica Dent\u00e1ria Nossa Senhora da Luz\t\t\t\t\t\t\t\t\t<div class=\"wpsm_team_3_name_divider\"><\/div>\r\n\t\t\t\t\t\t\t\t<\/h3>\r\n\t\t\t\t\t\t\t\t<span class=\"wpsm_team_3_b_desig\"> Sa\u00fade <\/span> \t\t\t\t\t\t\t\t<p class=\"wpsm_team_3_b_desc\"> A Cl\u00ednica disponibiliza os servi\u00e7os de consultas e especialidades dispon\u00edveis\r\nBenefici\u00e1rios - Engenheiros inscritos, familiares (c\u00f4njuge, filhos e pais) e colaboradores da OECV  \r\nServi\u00e7os\/Consultas\r\nTratamento dent\u00e1rio, pr\u00f3teses dentarias, nos tratamentos ortod\u00f4nticos. \r\nBenefici\u00e1rios - Engenheiros inscritos, familiares (c\u00f4njuge, filhos e pais) e colaboradores da OECV\r\nDescontos\r\nAssociados\r\n- 15% para tratamentos dent\u00e1rios\r\n- 10 % nas pr\u00f3teses dent\u00e1rias\r\n-  5% nos tratamentos ortod\u00f4nticos.\r\nFamiliares e colaboradores\r\n- 10% para tratamentos dent\u00e1rios\r\n- 5 % nas pr\u00f3teses dent\u00e1rias \r\n- 5% nos tratamentos ortod\u00f4nticos\r\n\r\nOs engenheiros inscritos devem solicitar uma declara\u00e7\u00e3o a Ordem, para apresenta\u00e7\u00e3o no ato da consulta.\r\n\r\nO referido protocolo abrange os servi\u00e7os de consultas e especialidades aos associados, seus familiares e aos colaboradores da OECV. \r\n\r\nHor\u00e1rio de funcionamento <\/p> \t\t\t\t\t\t\t\t<div class=\"wpsm_team_3_social_div\">\r\n\t\t\t\t\t\t\t\t\t\t\t\t\t\t\t\t\t\t\t\t\t\t\t\t\t\t\t\t\t\t\t\t\t\t\t\t\t\t\t\t\t\t\t\t<\/div>\r\n\t\t\t\t\t\t\t<\/div>\r\n\t\t\t\t\t\t<\/div>\r\n\t\t\t\t\t<\/div>\r\n\t\t\t\t\t\t\t\t\t\t\t<\/div>\r\n\t\t\t\t\t\t<div class=\"wpsm_row\">\r\n\t\t\t\t\t\t\t\t\t\t\t\t\t\t \r\n\t\t\t\t\t<div class=\"wpsm_col-md-4 wpsm_col-sm-6 wpsm-col-div wpsm_single_team\">\r\n\t\t\t\t\t\t<div class=\"wpsm_team_3_member_wrapper\">\r\n\t\t\t\t\t\t\t<div class=\"wpsm_tram_img_wrap\">\r\n\t\t\t\t\t\t\t  <img decoding=\"async\" class=\"img-responsive wpsm_team_3_mem_img\" src=\"https:\/\/oecv.cv\/wp-content\/uploads\/2025\/07\/ares.png\" alt=\"ARES\">\r\n\t\t\t\t\t\t\t<\/div>\r\n\t\t\t\t\t\t\t\r\n\t\t\t\t\t\t\t<div class=\"wpsm_team_3_member_wrapper_inner\">\r\n\t\t\t\t\t\t\t\t<h3>\r\n\t\t\t\t\t\t\t\t\tARES\t\t\t\t\t\t\t\t\t<div class=\"wpsm_team_3_name_divider\"><\/div>\r\n\t\t\t\t\t\t\t\t<\/h3>\r\n\t\t\t\t\t\t\t\t\t\t\t\t\t\t\t\t<p class=\"wpsm_team_3_b_desc\"> Agencia Reguladora do Ensino Superior em Cabo Verde \/ Ordem dos Engenheiros de Cabo Verde\r\n\r\nObjetivo - Estabelecer as linhas de coopera\u00e7\u00e3o entre as partes, nomeadamente no apoio da OECV \u00e1 ARES no \u00e2mbito da fiscaliza\u00e7\u00e3o e avalia\u00e7\u00e3o das institui\u00e7\u00f5es de ensino superior.\r\n\r\nOECV \r\n- Disponibiliza recursos humanos (Engenheiros \/peritos) para a realiza\u00e7\u00e3o de a\u00e7\u00f5es de fiscaliza\u00e7\u00e3o, controlo, avalia\u00e7\u00e3o e auditoria \u00e0s Institui\u00e7\u00f5es do Ensino Superior, no \u00e2mbito do processo de acredita\u00e7\u00e3o das institui\u00e7\u00f5es do Ensino Superior e ou seus ciclos de estudos;\r\n- Emiss\u00e3o de pareceres solicitado pela ARES;\r\n- A OECV dever\u00e1 indicar o(s) engenheiro(s)\/peritos para a elabora\u00e7\u00e3o dos pareceres e ou integrar a equipa de fiscaliza\u00e7\u00e3o;\r\n\r\n ARES\r\n- A ARES cabe pagar uma retribui\u00e7\u00e3o \u00e0 OECV por cada parecer t\u00e9cnico emitido de acordo com a tabela da ARES;\r\n\r\nA OECV E A ARES acordaram que nas situa\u00e7\u00f5es em que a emiss\u00e3o dos pareceres ou relat\u00f3rio s\u00e3o obrigat\u00f3rios para o andamento dos processos na ARES, a falta do mesmo dentro do prazo estabelecido implica o consentimento t\u00e1cito por parte da OECV.  <\/p> \t\t\t\t\t\t\t\t<div class=\"wpsm_team_3_social_div\">\r\n\t\t\t\t\t\t\t\t\t\t\t\t\t\t\t\t\t\t\t\t\t\t\t\t\t\t\t\t\t\t\t\t\t\t\t\t\t\t\t\t\t\t\t\t<\/div>\r\n\t\t\t\t\t\t\t<\/div>\r\n\t\t\t\t\t\t<\/div>\r\n\t\t\t\t\t<\/div>\r\n\t\t\t\t\t\t\t\t\t\t\t\t\r\n\t\t<\/div>\r\n\t<\/div>\n","protected":false},"excerpt":{"rendered":"","protected":false},"author":1,"featured_media":0,"parent":0,"menu_order":0,"comment_status":"closed","ping_status":"closed","template":"","meta":{"_monsterinsights_skip_tracking":false,"_monsterinsights_sitenote_active":false,"_monsterinsights_sitenote_note":"","_monsterinsights_sitenote_category":0,"footnotes":""},"class_list":["post-2200","page","type-page","status-publish","hentry"],"aioseo_notices":[],"_links":{"self":[{"href":"https:\/\/oecv.cv\/index.php?rest_route=\/wp\/v2\/pages\/2200","targetHints":{"allow":["GET"]}}],"collection":[{"href":"https:\/\/oecv.cv\/index.php?rest_route=\/wp\/v2\/pages"}],"about":[{"href":"https:\/\/oecv.cv\/index.php?rest_route=\/wp\/v2\/types\/page"}],"author":[{"embeddable":true,"href":"https:\/\/oecv.cv\/index.php?rest_route=\/wp\/v2\/users\/1"}],"replies":[{"embeddable":true,"href":"https:\/\/oecv.cv\/index.php?rest_route=%2Fwp%2Fv2%2Fcomments&post=2200"}],"version-history":[{"count":2,"href":"https:\/\/oecv.cv\/index.php?rest_route=\/wp\/v2\/pages\/2200\/revisions"}],"predecessor-version":[{"id":2457,"href":"https:\/\/oecv.cv\/index.php?rest_route=\/wp\/v2\/pages\/2200\/revisions\/2457"}],"wp:attachment":[{"href":"https:\/\/oecv.cv\/index.php?rest_route=%2Fwp%2Fv2%2Fmedia&parent=2200"}],"curies":[{"name":"wp","href":"https:\/\/api.w.org\/{rel}","templated":true}]}}